 the tens digit of a?
5
Let g = 171 + -107. Let l = 119 - g. Let a = 182 - l. What is the hundreds digit of a?
1
Let b = -359 + 355. Let q(w) = 50*w**2 + 5*w + 30. What is the hundreds digit of q(b)?
8
Let z be -4 + 57/(-9)*-3. Let l be (192/5)/((-3)/z). Let g = -130 - l. What is the tens digit of g?
6
Let r(n) = -n**2 + 5*n - 2. Let p be r(3). Suppose 4*d - 5*a - 21 = 86, -d + p*a = -35. Suppose -3*f = -188 + d. What is the tens digit of f?
5
What is the tens digit of (151/(-63) + 1/9)*(-103516)/8?
7
Suppose -5*c - 60 = 3*t + 2*t, -3*c = 5*t + 30. Let b(w) = -w**2 - 13*w + 9. Let a be b(c). What is the hundreds digit of (12/7 - 6/a)*74?
1
Let s = 50 - 49. Let q(x) = 140*x - 1. Let b be q(s). Let f = b + -71. What is the units digit of f?
8
Suppose -40 = 6*v - 7*v - 3*s, 0 = 5*v + 5*s - 150. Let z be 5/(v/20) - 0/2. Suppose -340 + z = -6*a. What is the tens digit of a?
5
Let w = 114445 - 59862. What is the tens digit of w?
8
Suppose -2 = 8*n - 34. Suppose n*a - 3*d = 1447, d + 1479 - 390 = 3*a. What is the tens digit of a?
6
Suppose 73*h = 5*p + 75*h - 141050, p = -5*h + 28187. What is the tens digit of p?
1
Suppose 59*y - 509411 - 1130376 = 0. What is the thousands digit of y?
7
Suppose 0 = -m + 80 + 229. Let t = -13 + m. What is the units digit of t?
6
Let w = 51 + -27. Let v = w - -9. Suppose 0 = -8*x + 407 + v. What is the tens digit of x?
5
Let y be (-6)/(-5)*((-7)/3 + 4). Suppose y*w - w + b = 21, 5*b = 2*w - 49. What is the tens digit of w?
2
Suppose 5*b = 3*b + 16. Suppose -3*a - 1 = 2*q - b, -5*a + 13 = 4*q. What is the hundreds digit of a*6/2*(-121)/(-3)?
1
Suppose 5*l = 5*j + 55, 2*l + 0 - 6 = -2*j. Let x = 10 - l. Suppose -n + 3*h = -85, 0*n - n - x*h = -61. What is the tens digit of n?
7
Let j(t) = 82*t**3 - 8*t**2 + 8*t - 7. What is the hundreds digit of j(3)?
1
Let h(n) = 7*n**3 + n**2 + 2*n - 2. Let l be h(1). Suppose l*v - 1084 = 284. What is the tens digit of v?
7
Let l = -1592 + 1946. What is the tens digit of l?
5
Suppose -q + 1 = -0, 4*l = -3*q - 29. Let b be (-63)/(-168) - 1733/l. Suppose 2*d - 217 = -a, 0*a - 4*d + b = a. What is the hundreds digit of a?
2
Let g = -50735 + 73694. What is the ten thousands digit of g?
2
Let l = -5151 + 6342. What is the units digit of l?
1
What is the thousands digit of 17 - (-1907976)/105 - (-6)/(-5)?
8
Suppose 40*p + 13832 = 47*p. Let h = p - 1326. What is the tens digit of h?
5
Let p = 186 - -35. Suppose 6*a = 5*a + p. What is the hundreds digit of a?
2
Let w = -2417 + 5043. What is the tens digit of w?
2
Suppose 20*t = -9195 + 136135. What is the thousands digit of t?
6
Suppose 5*s - 2379 = 2*s + 3*k, -s + 787 = 5*k. What is the units digit of ((-20)/3)/((-16)/s)?
0
What is the thousands digit of (498474/(-714))/(3/(-14))?
3
Suppose -3*m = -456 + 81. Let z = 307 - m. What is the units digit of z?
2
Suppose -3*p + 3*m + 76337 = 7*m, 4*m = -5*p + 127223. What is the hundreds digit of p?
4
What is the units digit of 1668 + 0 - (-39)/((-702)/(-72))?
2
What is the units digit of 6*8/288 + 5957/6 + 2?
5
Let f = 2635 + 4434. What is the hundreds digit of f?
0
Let f be ((-28)/8 - 1)/((-3)/6). Let t(v) = -v**2 + 5*v - 22. Let z be t(f). Let c = 15 - z. What is the units digit of c?
3
Let g be (-37)/(-3*(-6)/(-2232)). Let a = 9866 - g. What is the hundreds digit of (21 + 0 + -1)*a/455?
2
Suppose 2*b + 2*r = 14, -9 = -b - 2*r + 2. Let n(i) = 111*i**3 + 24*i**3 + b*i**2 + i - 5*i**2. What is the tens digit of n(1)?
3
Suppose 0 = -4*n + 8, -140*n + 145*n = 2*a - 8434. What is the tens digit of a?
2
Suppose -5*l + 351 = s, s + 59*l = 62*l + 351. Let x = 1153 - s. What is the units digit of x?
2
Let f(i) = i**2 - 7*i - 13. Let t be f(9). Suppose o - 314 = -7*a + 8*a, -2*o - t*a = -656. What is the tens digit of o?
1
Suppose 0 = 3*b + 11*p - 14*p - 131958, -p = -3*b + 131966. What is the thousands digit of b?
3
Let b(y) = 4*y**3 + 2*y**2 - 5*y - 7. Let m be b(4). Let o = -162 + m. What is the tens digit of o?
9
What is the thousands digit of ((-22136)/(-22) - -3) + (-10)/55?
1
Let z(m) = 5*m**2 - 20*m + 63. Let k be z(15). Suppose 3*h = -0*a + 2*a + k, -5*a = 4*h - 1207. What is the tens digit of h?
9
Let z(w) = w**3 - 8*w**2 + 4*w + 10. Let y be z(7). Let o = y + 314. What is the hundreds digit of o?
3
Let h be (15 - 9) + (3118 - -1). Suppose -6*s = 965 - h. What is the units digit of s?
0
Let f(g) be the third derivative of g**4/24 + 43*g**3/6 + g**2. Suppose -42*z - 364 = 182. What is the tens digit of f(z)?
3
What is the units digit of (-714175)/(-9) + 46/207?
3
Let f be 4/(0/3 + 2 + 0). Let t(g) = -g**3 - 10*g**2 - 4*g + 1. Let v be t(-10). Suppose -f*a + 55 + 25 = -2*i, -a + v = -2*i. What is the tens digit of a?
3
Let t(o) = o**3 + 7*o**2 - 9. Let v be t(-7). Let k(n) = -214*n + 2569. Let i be k(12). What is the hundreds digit of (-3)/(v/681) + -3 + i?
2
What is the ten thousands digit of (0 - (1112/10)/2)/((-43)/41495)?
5
Let d(w) = w + 104. Let r be d(26). Let g = 139 - r. What is the units digit of g?
9
Let q = -7095 - -10771. What is the hundreds digit of q?
6
What is the ten thousands digit of -283*(0 + -33 + (2 - 8))?
1
Let u = -324 + 328. Suppose u = 4*b - 5*g - 10, 3*g - 6 = 0. What is the units digit of b?
6
Suppose 3*u = p - 0*p + 9, u = -2*p + 10. Suppose -4*i + 6*c - 2*c + 2452 = 0, -3071 = -5*i + p*c. What is the tens digit of i?
1
Suppose -6*m - 65 = -m. Let n = m + 20. Suppose n*s - 92 = 3*s. What is the units digit of s?
3
Let l = 1 + -9. Suppose -485 = 54*k + 9667. What is the tens digit of -2*(-6)/l*k/6?
4
Suppose -21*x - 1130 = -11*x. Let y = -57 - x. What is the tens digit of y?
5
Let x = -411 - -411. What is the thousands digit of (270/(-36))/((-6)/1232) + x?
1
Let d(j) = -j**2 - 15*j - 34. Let z be d(-12). Let t(m) = 2*m - 13*m + 27 + 8*m**z + 11*m. What is the hundreds digit of t(-5)?
2
Let l(s) = s**3 + 3*s**2 - 15*s - 47. What is the thousands digit of l(18)?
6
Suppose -152*l = 126*l - 26*l - 3762360. What is the hundreds digit of l?
9
Let d be ((4 + 0)/2)/((-2)/1655). Let h = d + 3493. What is the units digit of h?
8
Suppose 0 = 2*a + 5 + 3, -448 = -3*f - 2*a. Let c = f - 33. Suppose -166 = -3*v + 4*j, -201 = -5*v - 2*j + c. What is the units digit of v?
2
Let r = 22638 - 12658. What is the hundreds digit of r?
9
Suppose -2*v - 41456 = -3*k, -4*k - v + 85425 - 30154 = 0. What is the tens digit of k?
1
Let u be 0/(12/28*7). Suppose 2*i - g = -u*i + 2739, 3*g = 4*i - 5473. What is the tens digit of i?
7
Let w = -17548 + 30674. What is the thousands digit of w?
3
Let c(w) = -w**3 - 15*w**2 + 4*w + 29. Let i(u) = 3*u**2 - 39*u + 10. Let r be i(6). Let d = r - -100. What is the hundreds digit of c(d)?
2
Suppose -114173 = -4*a + 107*b - 110*b, -3*b - 28562 = -a. What is the ten thousands digit of a?
2
Suppose 10*p + 8*p - 60746 - 6196 = 0. What is the units digit of p?
9
Let s = -12 - -20. Let k(n) = -280*n - 3*n**2 + 25 + 548*n - 278*n + 4*n**2. What is the units digit of k(s)?
9
Let y(z) = -z**2 - 29*z + 21. Let q be y(-22). Let h(i) = 39 + i**2 - 178*i + 19 + q*i. What is the units digit of h(9)?
2
Let v(o) = 285*o**2 + 424*o + 3385. What is the hundreds digit of v(-8)?
2
Let s = -640 + 704. Suppose -8*g = -296 - s. What is the units digit of g?
5
Let q(u) = -707*u + 689*u + 50 + 11. What is the hundreds digit of q(-12)?
2
Let w = 45 - 48. Let g = w + 12. Suppose -92 = g*f - 10*f. What is the units digit of f?
2
Suppose -2*c + 12 = 0, -48302 = -2*x - 111*c + 108*c. What is the ten thousands digit of x?
2
Let b = -726 + 760. Suppose -3*u = -u - 4. Suppose -u*d = 2*z - b, -d = -4*d - z + 59. What is the tens digit of d?
2
Let n = 19799 + -13882. What is the thousands digit of n?
5
Suppose -18575760 = -451*l + 171*l. What is the tens digit of l?
4
Let p(i) = -i**2 + 6*i + 7. Let v be p(7). Let f(b) = 2*b + 144. Let a be f(v). Suppose a = -5*z + 7*z. What is the tens digit of z?
7
Let i = 3359 - 509. What is the tens digit of i?
5
Let o be (-45)/2*(-4 - (5 - -115)). Suppose 4*m = -2*b + 2262, 2*m - 5*b = -3*m + o. What is the units digit of m?
3
Suppose -2*h = -0*h + 410. Let l = h - -404. What is the hundreds digit of l?
1
Let n = 142576 + -77749. What is the hundreds digit of n?
8
Let x = 6780 - -439. What is the tens digit of x?
1
Let h(n) = 2*n**2 - 38*n - 195. What